-2
Calculate -6 + 16 + -14 + -8.
-12
(7 - 0) + (-4 + 4 - 8)
-1
12 + (-19 - -12 - (3 + 9 + -20))
13
What is the value of (18 - 2) + (-7 - 0) + 10 + -22?
-3
Calculate -9 - (-6 - -6) - 0 - (-33 - -2).
22
What is -1 + 27 + -6 - (3 + 3 + 0)?
14
Calculate -69 + 12 + 35 + -10.
-32
Evaluate -5 - -4 - (23 - -12 - 11).
-25
What is 13 + (2 - 19 - 5)?
-9
Evaluate 18 - (23 - (15 - 4)).
6
What is -12 - ((-6 - -4) + (0 - -2 - 6))?
-6
99 + -106 - (-2 - -4) - (-1 - 2)
-6
What is the value of 12 + (5 + 0 - -4) + -7 + 7?
21
Calculate 12 - 4 - -2 - (-6 - -15).
1
What is the value of -10 + -11 + (3 - (-3 - 0)) + 40?
25
What is the value of (13 - (17 - 2 - 9)) + (-19 - 3)?
-15
What is the value of -39 + (-32 + 33 - -6)?
-32
What is 38 + -66 + 25 - (-1 + 1 + -33)?
30
What is the value of 287 + -295 - (8 + -4 + 0 + -2)?
-10
-2 + (1 - -1) - (-13 - -29 - -1)
-17
7 - (-3 - (15 - 17) - (4 - 0))
12
Calculate 3 + -2 + -3 + 8 + (0 - -6).
12
What is 4 - (-1 - -14 - -2 - (-322 - -328))?
-5
2 + (-2 - (6 + (12 - 6 - 14)))
2
What is the value of -1 + 2 + -6 + -7?
-12
11 - (6 - (-16 - -9))
-2
7 + 12 + -19 + -3 - -10
7
20 - (28 + -32 - -5)
19
5 + 5 + 6 + -13 - 6 - -16
13
Evaluate 25 + (-30 - 2 - -15).
8
-7 + (-8 - -8 - 1) + -2
-10
Evaluate -2 + 1 + -29 + 35 + -16.
-11
8 + 8 + (2 - 1)
17
Calculate 29 - (22 - -4) - (-2 - -1).
4
What is -90 + 99 - (-1 + 2)?
8
Evaluate -6 - 2 - (22 - 25).
-5
Calculate -6 - (1 + (-8 - (-2 + -2))) - 1.
-4
What is the value of (-1 + 2 - (-5 - 11)) + -5?
12
What is 11 + (9 - 14) + 3 - 13?
-4
Calculate 14 - (3 + -1 + -2) - (1 + -1).
14
Calculate (-282 + 296 - (0 - -20)) + (1 - -42).
37
What is 5 + (-7 - 2 - 5)?
-9
Calculate -13 - (5 + -24 - -1 - -6).
-1
0 + 4 - (-14 + (3 - -1) + 5)
9
What is the value of -21 + (25 - 13) + 26?
17
-10 + -4 + -23 + 38
1
Calculate 3 - -1 - (-8 + 1 + 7).
4
What is 36 + (-17 - (0 - (-4 + 12)))?
27
(7 - 11 - -16) + (7 - 32)
-13
Evaluate 66 + -67 - -14 - (4 + 1 - 0).
8
Evaluate -11 + 13 + (-11 - -5) + 9 - -23.
28
Evaluate -53 + (74 - (-33 + 70)).
-16
Calculate 8 + -11 - (1 + -13).
9
Evaluate -31 - (-45 + 19 + -25).
20
What is -27 - -23 - (2 - (1 - -6)) - -1?
2
Calculate 0 + -4 - -6 - (-7 + -3 + 16).
-4
Evaluate 1 - ((1 - -5 - (-52 + 63)) + -12).
18
What is the value of -22 + 17 + -7 - (-11 - -3)?
-4
Calculate 4 + (9 - 9) + 3 - 9.
-2
What is the value of -1 + 0 - (-139 + 119 - (-17 - -1))?
3
-1048 - -1056 - (27 - ((-2 - 0) + 0))
-21
(-19 - (-5 + -15)) + 16
17
What is the value of 7 - (7 + 0 + (-6 - 1) - 2)?
9
Calculate -5 + -1 + 480 + -462.
12
What is -5 + 3 + -4 + -12 + (-2 - -4)?
-16
-11 + (-6 - 2 - -2) - 6
-23
What is -8 - (8 - (-8 + 6) - 0)?
-18
What is 9 + -10 - -15 - (11 + -1)?
4
-1 - -1 - (3 + 6 + -2 - 8)
1
(-6 - -6) + (4 - (6 - 2))
0
What is the value of (-25 + 40 - (-1 - -15)) + -8 + 1?
-6
-26 - (-3 + 15) - -25
-13
What is the value of (8 - (2 - 8) - -7) + 0?
21
Evaluate 4 + 8 - (-156 - -129).
39
What is 27 + (1 - ((-8 - -18 - 18) + 7))?
29
9 + (-3 + -1 - (-6 + 5))
6
What is (-4 - 3) + 10 - 5 - 7?
-9
What is (5 - (-3 - -1)) + (-22 - (2 - 9))?
-8
What is -7 - (-27 + -1 + 13)?
8
Evaluate -15 + (-23 - (-15 - 32)).
9
Calculate (-10 - -1) + (8 - ((2 - -16) + -6)).
-13
What is (0 - -29) + (-22 - (-2 + -9))?
18
35 + -31 + 5 - -13
22
What is (7 - (-2 - -15)) + 15?
9
8 - (36 + -18 - 8 - 24)
22
-9 - (-6 + 2 + 7 + -8)
-4
Calculate 3 - ((-16 - -7) + (14 - 2 - 6)).
6
3 - (5 + 3 + -6 + 0)
1
What is the value of -7 + (-117 + 109 - (0 - -3))?
-18
(-21 - -31) + -6 - (-6 - -5)
5
Calculate 45 - (19 + 4) - 21 - (1 + 17).
-17
What is (-18 + 27 - 12) + (2 + -4 - 2)?
-7
What is the value of -1 + 2 + -17 + 21?
5
2 + 12 - (13 + (2 - 6))
5
Evaluate 4 + (-4 + 1 - (9 - 17)).
9
Evaluate -24 + 32 + 1 + -24.
-15
Calculate 18 + (11 - 20) + -17 + 31.
23
Calculate -24 - -5 - (85 - 100).
-4
What is the value of -13 - (6 + (-15 - (-6 - (-7 + 5))))?
-8
What is -1 + -4 + 7 - -3?
5
What is 25 - (-3 - -10) - 4?
14
Evaluate (-7 - (0 - 16 - -2)) + (-1 - 28).
-22
What is (-2 - (13 + 5 + -12)) + 30?
22
What is the value of (-32 - (11 + -4)) + 12?
-27
0 - (3 + 4 - 6)
-1
Calculate (9 + -9 - -3) + 5 + -4 + 3.
7
5 + (-29 + -11 - -60)
25
Evaluate (-6 - -4) + -1 + 8 + -11.
-6
(15 - 1) + (-30 - -34 - 30)
-12
What is the value of (14 - 1) + (-6 - (34 + -48))?
21
Evaluate 34 + -34 - (0 + -2 + -1) - -3.
6
Calculate -13 - (3 + 4) - -23.
3
What is (0 - (-6 + 5)) + -8 + (5 - 7)?
-9
What is 17 - (0 + 0) - (-26 + 34)?
9
What is 6 + (-2 - (1 + -6)) + (-27 - -3)?
-15
What is 1 + 21 - -5 - 39?
-12
What is (510 - 511) + 2 + 0 + -5?
-4
Evaluate 3 + 0 + 25 + -47.
-19
What is the value of 3 + -3 - 0 - (-1 + 6) - -8?
3
What is the value of 14 - (-3 - -9) - 18?
-10
What is (-17 + 10 - (5 - 2)) + 1?
-9
What is (150 - 152) + 4 + (0 - -1) - 9?
-6
Evaluate 295 - 342 - (3 - 44).
-6
Calculate -6 - ((-2 - -12) + (-51 - -46) - 3).
-8
Calculate -5 - ((7 - 3 - 5) + -9).
5
Evaluate 5 + 13 - (-10 - -11 - -7).
10
What is the value of -1 - -10 - (0 + -5 - 1)?
15
9 + (-1 - -12) + -21 + -8
-9
Calculate 0 + -1 + 0 + -2 - (-9179 + 9179).
-3
What is the value of (13 - 17) + (-2 - -7)?
1
13 + (0 - 8 - 1) + -15
-11
What is -4 + 2 + -7 + (-52 - -32)?
-29
Calculate 2 + (1 - 1) + 0 + (39 - 54).
-13
4 + (-5 - -13 - 14) + (1 - -1)
0
Calculate -143 - -143 - (4 - 4).
0
What is the value of 7 - (-18 - -14) - (-4 - -9)?
6
What is the value of -5 - (0 - ((5 - (6 + -8)) + -10))?
-8
Calculate -52 - -24 - -11 - -32.
15
What is -9 - (32 - (46 + 13))?
18
Calculate -2 + -9 + (-3 - -24).
10
Evaluate -16 - (-28 + 24) - (-11 - 2).
1
What is (18 + -3 + -3 - 14) + -3 + 2?
-3
What is the value of 22 + -53 + (-5 - 1 - (-6 + 1))?
-32
What is the value of 0 + -14 - (8 - (-10 - (-1 + -14)))?
-17
-40 - (-7 + 8 + -27)
-14
-4 - (-5 + 11 + -15) - (23 + -19)
1
Calculate 65 + -42 - (0 + -4 + -3).
30
What is the value of 3 - (-70 + 41 + 58 + -7 + 0)?
-19
What is the value of -4 + 7 + -11 + 2 + 5?
-1
Calculate 1 - (15 + -1) - (-1785 + 1780).
-8
-10 - (24 + (17 - 33) - (-2 + 0))
-20
What is 0 + -4 - (-48 + 46)?
-2
Evaluate 13 + -6 - ((4 - -1) + 7 + -7).
2
What is the value of -17 + 6 + 37 + 3 + (0 - 3)?
26
Calculate 18 - 13 - (6 + (-1 - 1)).
1
What is 14 - (-7 + (7 - -18))?
-4
Calculate (58 - (40 + -13)) + -19.
12
What is (-4 + -12 + 26 - 2) + -6?
2
11 + ((1 - 1) + 8 - (-165 - -171))
13
What is 3 + -2 - (20 - 27) - 8?
0
-29 + 24 - (-2 - 0)
-3
Calculate (31 - (4 - -24)) + -36.
-33
Calculate -7 - (-34 + -2) - 4 - -2.
27
What is 4 + (21 - 32) + -2 + 11?
2
-25 + 16 + -1 + -11
-21
What is the value of (-2 - 3) + 10 + -8 - (17 - 8)?
-12
-9 + 8 + 6 + 0 - -3
8
Calculate 10 - (3 + 29 + -6).
-16
-15 - -5 - (25 + 2 - 30)
-7
What is the value of 1 + 16 + -16 + -5 + -2 + 9?
3
Calculate (197 - 240) + (32 - 0).
-11
Evaluate (-12 - (5 + -26)) + -13.
-4
What is -28 + (41 - -1) + 24?
38
What is -55 + (1 + -28 + 9 - -33)?
-40
5 - (-9 - -26) - -28
16
1 + 5 + 3 + -2 - (19 - 9)
-3
What is 7 + (-17 - -28 - 19)?
-1
-4 + (-8 - -2) + (2 - -3) + 16
11
Evaluate -20 - (-1 + -14 + 18 + -1 + -9).
-13
Calculate 4 - (61 - 65 - (0 + -3)).
5
What is the value of (-44 - -36) + 1 + 9 + -8?
-6
Evaluate 11 - (1 - -3 - (-123 - -121)).
5
What is the value of -10 - ((0 - 3) + -8 + 5)?
-4
What is -3 + 35 + -14 + (8 - -3 - 2)?
27
What is (-15 - -2) + 7 + 16?
10
(16 - 18 - (0 + -1)) + 13
12
What is (13 - 20) + -7 + 7 + -2 + 22?
13
Evaluate -1 + (8 + (0 - 3) - 2).
2
What is the value of (-6 - (-4 + -4 + 9)) + -2?
-9
What is -3 - -2 - (2 + -19) - (-2 + 7)?
11
What is the value of -1 - (-6 - ((16 - 19) + 4 + 2))?
8
What is the value of (-3 - -10) + -8 - -11 - 15?
-5
What is -7 + (36 - (23 - 21))?
27
Evaluate -11 + (4 - 1) - (-6 - (-12 - 0)).
-14
Evaluate -3 + 16 + 2 + -7.
8
Calculate (3 - -1) + 2 - (-6 + 11).
1
What is 5 - (-9 + (17 + -10 - 10))?
17
Calculate (14 - 12) + -6 - (5 + 0 + -16).
7
Calculate (-10 + 6 - -9) + -4 + 5 + -17.
-11
What is 1 + -2 + 2 + (-38 - -68 - 17)?
14
Evaluate 19 - (-6 + 2 - (-17 - -8)).
14
Evaluate -29 - 1 - (202 + -216).
-16
Evaluate (-2 - -30 - (1 + -9)) + -8 - 7.
21
What is (-104 - -113) + (-2 - -2)?
9
-19 - 5 - -19 - (-2 + 1 + -1)
-3
What is the value of -7 - -4 - (-17 + (-5 - -10))?
9
Evaluate (-13 + -1 - -1) + (1468 - 1447).
8
What is 91 + -37 - (-9 + 28)?
35
Evaluate 3 + 7 + -1 - (16 + -11).
4
4 - (1 - (-15 + 11 + 8))
7
-2 - ((7 - 11) + -1 + 3 + -2)
2
